{"id":10410,"date":"2023-10-06T11:08:47","date_gmt":"2023-10-06T16:08:47","guid":{"rendered":"https:\/\/servimedcolombia.com\/?post_type=product&#038;p=10410"},"modified":"2023-10-10T20:04:38","modified_gmt":"2023-10-11T01:04:38","slug":"electrobisturi-quirurgico-de-valleylab-force-2","status":"publish","type":"product","link":"https:\/\/servimedcolombia.com\/index.php\/producto\/electrobisturi-quirurgico-de-valleylab-force-2\/","title":{"rendered":"ELECTROBISTUR\u00cd QUIR\u00daRGICO DE VALLEYLAB FORCE 2"},"content":{"rendered":"","protected":false},"excerpt":{"rendered":"<p>El Electrobistur\u00ed de Alta Potencia es un dispositivo m\u00e9dico vers\u00e1til que ofrece capacidades avanzadas de corte y coagulaci\u00f3n tanto en salidas monopolares como bipolares. Este equipo se ha dise\u00f1ado con un enfoque en la seguridad y el rendimiento, lo que lo convierte en una herramienta esencial para procedimientos m\u00e9dicos y quir\u00fargicos.<\/p>\n<p><strong>Caracter\u00edsticas Principales:<\/strong><\/p>\n<ol>\n<li><strong>Corte y Coagulaci\u00f3n:<\/strong> El generador permite realizar corte y coagulaci\u00f3n de tejidos, ofreciendo versatilidad en diversas aplicaciones quir\u00fargicas.<\/li>\n<li><strong>Alarmas Sonoras y Visuales:<\/strong> El dispositivo est\u00e1 equipado con alarmas sonoras y visuales para mantener al operador informado sobre su funcionamiento y detectar posibles problemas, incluido el indicador de fallos REM.<\/li>\n<li><strong>Tecnolog\u00eda REM:<\/strong> El sistema de Retorno Electrodo Monitorizaci\u00f3n (REM) es est\u00e1ndar en este generador, lo que contribuye a la seguridad del paciente durante el procedimiento.<\/li>\n<li><strong>Potencia Ajustable:<\/strong> El equipo ofrece una potencia de hasta 300 vatios en el ajuste de corte, lo que permite un control preciso durante la cirug\u00eda.<\/li>\n<li><strong>ESU Digital de Alta Potencia:<\/strong> Este dispositivo se caracteriza por su alta potencia y capacidad de realizar una variedad de procedimientos con eficiencia.<\/li>\n<li><strong>Modos Preestablecidos:<\/strong> El operador puede elegir entre tres modos preestablecidos: coagulaci\u00f3n independiente simult\u00e1nea, coagulaci\u00f3n de bajo voltaje y seguridad Valleylab REM, que minimiza el riesgo de quemaduras del paciente en el lugar del electrodo de retorno.<\/li>\n<\/ol>\n<p><strong>Garant\u00eda:<\/strong> 4 meses sobre unidad b\u00e1sica (sujeta a condiciones y restricciones).<\/p>\n<p><span style=\"color: #ff0000;\"><strong>Todos nuestros activos est\u00e1n sujetos a disponibilidad seg\u00fan inventario.\u00a0<\/strong><\/span><\/p>\n<p><span style=\"vertical-align: inherit;\"><span style=\"vertical-align: inherit;\"><span style=\"vertical-align: inherit;\"><span style=\"vertical-align: inherit;\"><span style=\"vertical-align: inherit;\"><span style=\"vertical-align: inherit;\">[njwa_button id=\"9888\"]<\/span><\/span><\/span><\/span><\/span><\/span><\/p>\n","protected":false},"featured_media":10411,"template":"","meta":{"rs_blank_template":"","rs_page_bg_color":"","slide_template_v7":""},"product_brand":[],"product_cat":[129],"product_tag":[],"class_list":{"0":"post-10410","1":"product","2":"type-product","3":"status-publish","4":"has-post-thumbnail","6":"product_cat-unidad-de-electrocirugia-y-accesorios","8":"first","9":"instock","10":"shipping-taxable","11":"product-type-simple"},"yoast_head":"<!-- This site is optimized with the Yoast SEO plugin v27.5 - https:\/\/yoast.com\/product\/yoast-seo-wordpress\/ -->\n<title>ELECTROBISTUR\u00cd QUIR\u00daRGICO DE VALLEYLAB FORCE 2 - Servimed Colombia<\/title>\n<meta name=\"robots\" content=\"index, follow, max-snippet:-1, max-image-preview:large, max-video-preview:-1\" \/>\n<link rel=\"canonical\" href=\"https:\/\/servimedcolombia.com\/index.php\/producto\/electrobisturi-quirurgico-de-valleylab-force-2\/\" \/>\n<meta property=\"og:locale\" content=\"es_ES\" \/>\n<meta property=\"og:type\" content=\"article\" \/>\n<meta property=\"og:title\" content=\"ELECTROBISTUR\u00cd QUIR\u00daRGICO DE VALLEYLAB FORCE 2 - Servimed Colombia\" \/>\n<meta property=\"og:description\" content=\"El Electrobistur\u00ed de Alta Potencia es un dispositivo m\u00e9dico vers\u00e1til que ofrece capacidades avanzadas de corte y coagulaci\u00f3n tanto en salidas monopolares como bipolares. Este equipo se ha dise\u00f1ado con un enfoque en la seguridad y el rendimiento, lo que lo convierte en una herramienta esencial para procedimientos m\u00e9dicos y quir\u00fargicos.  Caracter\u00edsticas Principales:   Corte y Coagulaci\u00f3n: El generador permite realizar corte y coagulaci\u00f3n de tejidos, ofreciendo versatilidad en diversas aplicaciones quir\u00fargicas.  Alarmas Sonoras y Visuales: El dispositivo est\u00e1 equipado con alarmas sonoras y visuales para mantener al operador informado sobre su funcionamiento y detectar posibles problemas, incluido el indicador de fallos REM.  Tecnolog\u00eda REM: El sistema de Retorno Electrodo Monitorizaci\u00f3n (REM) es est\u00e1ndar en este generador, lo que contribuye a la seguridad del paciente durante el procedimiento.  Potencia Ajustable: El equipo ofrece una potencia de hasta 300 vatios en el ajuste de corte, lo que permite un control preciso durante la cirug\u00eda.  ESU Digital de Alta Potencia: Este dispositivo se caracteriza por su alta potencia y capacidad de realizar una variedad de procedimientos con eficiencia.  Modos Preestablecidos: El operador puede elegir entre tres modos preestablecidos: coagulaci\u00f3n independiente simult\u00e1nea, coagulaci\u00f3n de bajo voltaje y seguridad Valleylab REM, que minimiza el riesgo de quemaduras del paciente en el lugar del electrodo de retorno.  Garant\u00eda: 4 meses sobre unidad b\u00e1sica (sujeta a condiciones y restricciones).  Todos nuestros activos est\u00e1n sujetos a disponibilidad seg\u00fan inventario.\u00a0\" \/>\n<meta property=\"og:url\" content=\"https:\/\/servimedcolombia.com\/index.php\/producto\/electrobisturi-quirurgico-de-valleylab-force-2\/\" \/>\n<meta property=\"og:site_name\" content=\"Servimed Colombia\" \/>\n<meta property=\"article:modified_time\" content=\"2023-10-11T01:04:38+00:00\" \/>\n<meta property=\"og:image\" content=\"https:\/\/servimedcolombia.com\/wp-content\/uploads\/2023\/10\/18.jpg\" \/>\n\t<meta property=\"og:image:width\" content=\"1654\" \/>\n\t<meta property=\"og:image:height\" content=\"1654\" \/>\n\t<meta property=\"og:image:type\" content=\"image\/jpeg\" \/>\n<meta name=\"twitter:card\" content=\"summary_large_image\" \/>\n<script type=\"application\/ld+json\" class=\"yoast-schema-graph\">{\"@context\":\"https:\\\/\\\/schema.org\",\"@graph\":[{\"@type\":\"WebPage\",\"@id\":\"https:\\\/\\\/servimedcolombia.com\\\/index.php\\\/producto\\\/electrobisturi-quirurgico-de-valleylab-force-2\\\/\",\"url\":\"https:\\\/\\\/servimedcolombia.com\\\/index.php\\\/producto\\\/electrobisturi-quirurgico-de-valleylab-force-2\\\/\",\"name\":\"ELECTROBISTUR\u00cd QUIR\u00daRGICO DE VALLEYLAB FORCE 2 - Servimed Colombia\",\"isPartOf\":{\"@id\":\"https:\\\/\\\/servimedcolombia.com\\\/#website\"},\"primaryImageOfPage\":{\"@id\":\"https:\\\/\\\/servimedcolombia.com\\\/index.php\\\/producto\\\/electrobisturi-quirurgico-de-valleylab-force-2\\\/#primaryimage\"},\"image\":{\"@id\":\"https:\\\/\\\/servimedcolombia.com\\\/index.php\\\/producto\\\/electrobisturi-quirurgico-de-valleylab-force-2\\\/#primaryimage\"},\"thumbnailUrl\":\"https:\\\/\\\/servimedcolombia.com\\\/wp-content\\\/uploads\\\/2026\\\/04\\\/18.webp\",\"datePublished\":\"2023-10-06T16:08:47+00:00\",\"dateModified\":\"2023-10-11T01:04:38+00:00\",\"breadcrumb\":{\"@id\":\"https:\\\/\\\/servimedcolombia.com\\\/index.php\\\/producto\\\/electrobisturi-quirurgico-de-valleylab-force-2\\\/#breadcrumb\"},\"inLanguage\":\"es\",\"potentialAction\":[{\"@type\":\"ReadAction\",\"target\":[\"https:\\\/\\\/servimedcolombia.com\\\/index.php\\\/producto\\\/electrobisturi-quirurgico-de-valleylab-force-2\\\/\"]}]},{\"@type\":\"ImageObject\",\"inLanguage\":\"es\",\"@id\":\"https:\\\/\\\/servimedcolombia.com\\\/index.php\\\/producto\\\/electrobisturi-quirurgico-de-valleylab-force-2\\\/#primaryimage\",\"url\":\"https:\\\/\\\/servimedcolombia.com\\\/wp-content\\\/uploads\\\/2026\\\/04\\\/18.webp\",\"contentUrl\":\"https:\\\/\\\/servimedcolombia.com\\\/wp-content\\\/uploads\\\/2026\\\/04\\\/18.webp\",\"width\":1654,\"height\":1654},{\"@type\":\"BreadcrumbList\",\"@id\":\"https:\\\/\\\/servimedcolombia.com\\\/index.php\\\/producto\\\/electrobisturi-quirurgico-de-valleylab-force-2\\\/#breadcrumb\",\"itemListElement\":[{\"@type\":\"ListItem\",\"position\":1,\"name\":\"Portada\",\"item\":\"https:\\\/\\\/servimedcolombia.com\\\/\"},{\"@type\":\"ListItem\",\"position\":2,\"name\":\"Tienda\",\"item\":\"https:\\\/\\\/servimedcolombia.com\\\/index.php\\\/tienda\\\/\"},{\"@type\":\"ListItem\",\"position\":3,\"name\":\"ELECTROBISTUR\u00cd QUIR\u00daRGICO DE VALLEYLAB FORCE 2\"}]},{\"@type\":\"WebSite\",\"@id\":\"https:\\\/\\\/servimedcolombia.com\\\/#website\",\"url\":\"https:\\\/\\\/servimedcolombia.com\\\/\",\"name\":\"Servimed Colombia\",\"description\":\"\",\"potentialAction\":[{\"@type\":\"SearchAction\",\"target\":{\"@type\":\"EntryPoint\",\"urlTemplate\":\"https:\\\/\\\/servimedcolombia.com\\\/?s={search_term_string}\"},\"query-input\":{\"@type\":\"PropertyValueSpecification\",\"valueRequired\":true,\"valueName\":\"search_term_string\"}}],\"inLanguage\":\"es\"}]}<\/script>\n<!-- \/ Yoast SEO plugin. -->","yoast_head_json":{"title":"ELECTROBISTUR\u00cd QUIR\u00daRGICO DE VALLEYLAB FORCE 2 - Servimed Colombia","robots":{"index":"index","follow":"follow","max-snippet":"max-snippet:-1","max-image-preview":"max-image-preview:large","max-video-preview":"max-video-preview:-1"},"canonical":"https:\/\/servimedcolombia.com\/index.php\/producto\/electrobisturi-quirurgico-de-valleylab-force-2\/","og_locale":"es_ES","og_type":"article","og_title":"ELECTROBISTUR\u00cd QUIR\u00daRGICO DE VALLEYLAB FORCE 2 - Servimed Colombia","og_description":"El Electrobistur\u00ed de Alta Potencia es un dispositivo m\u00e9dico vers\u00e1til que ofrece capacidades avanzadas de corte y coagulaci\u00f3n tanto en salidas monopolares como bipolares. Este equipo se ha dise\u00f1ado con un enfoque en la seguridad y el rendimiento, lo que lo convierte en una herramienta esencial para procedimientos m\u00e9dicos y quir\u00fargicos.  Caracter\u00edsticas Principales:   Corte y Coagulaci\u00f3n: El generador permite realizar corte y coagulaci\u00f3n de tejidos, ofreciendo versatilidad en diversas aplicaciones quir\u00fargicas.  Alarmas Sonoras y Visuales: El dispositivo est\u00e1 equipado con alarmas sonoras y visuales para mantener al operador informado sobre su funcionamiento y detectar posibles problemas, incluido el indicador de fallos REM.  Tecnolog\u00eda REM: El sistema de Retorno Electrodo Monitorizaci\u00f3n (REM) es est\u00e1ndar en este generador, lo que contribuye a la seguridad del paciente durante el procedimiento.  Potencia Ajustable: El equipo ofrece una potencia de hasta 300 vatios en el ajuste de corte, lo que permite un control preciso durante la cirug\u00eda.  ESU Digital de Alta Potencia: Este dispositivo se caracteriza por su alta potencia y capacidad de realizar una variedad de procedimientos con eficiencia.  Modos Preestablecidos: El operador puede elegir entre tres modos preestablecidos: coagulaci\u00f3n independiente simult\u00e1nea, coagulaci\u00f3n de bajo voltaje y seguridad Valleylab REM, que minimiza el riesgo de quemaduras del paciente en el lugar del electrodo de retorno.  Garant\u00eda: 4 meses sobre unidad b\u00e1sica (sujeta a condiciones y restricciones).  Todos nuestros activos est\u00e1n sujetos a disponibilidad seg\u00fan inventario.\u00a0","og_url":"https:\/\/servimedcolombia.com\/index.php\/producto\/electrobisturi-quirurgico-de-valleylab-force-2\/","og_site_name":"Servimed Colombia","article_modified_time":"2023-10-11T01:04:38+00:00","og_image":[{"width":1654,"height":1654,"url":"https:\/\/servimedcolombia.com\/wp-content\/uploads\/2023\/10\/18.jpg","type":"image\/jpeg"}],"twitter_card":"summary_large_image","schema":{"@context":"https:\/\/schema.org","@graph":[{"@type":"WebPage","@id":"https:\/\/servimedcolombia.com\/index.php\/producto\/electrobisturi-quirurgico-de-valleylab-force-2\/","url":"https:\/\/servimedcolombia.com\/index.php\/producto\/electrobisturi-quirurgico-de-valleylab-force-2\/","name":"ELECTROBISTUR\u00cd QUIR\u00daRGICO DE VALLEYLAB FORCE 2 - Servimed Colombia","isPartOf":{"@id":"https:\/\/servimedcolombia.com\/#website"},"primaryImageOfPage":{"@id":"https:\/\/servimedcolombia.com\/index.php\/producto\/electrobisturi-quirurgico-de-valleylab-force-2\/#primaryimage"},"image":{"@id":"https:\/\/servimedcolombia.com\/index.php\/producto\/electrobisturi-quirurgico-de-valleylab-force-2\/#primaryimage"},"thumbnailUrl":"https:\/\/servimedcolombia.com\/wp-content\/uploads\/2026\/04\/18.webp","datePublished":"2023-10-06T16:08:47+00:00","dateModified":"2023-10-11T01:04:38+00:00","breadcrumb":{"@id":"https:\/\/servimedcolombia.com\/index.php\/producto\/electrobisturi-quirurgico-de-valleylab-force-2\/#breadcrumb"},"inLanguage":"es","potentialAction":[{"@type":"ReadAction","target":["https:\/\/servimedcolombia.com\/index.php\/producto\/electrobisturi-quirurgico-de-valleylab-force-2\/"]}]},{"@type":"ImageObject","inLanguage":"es","@id":"https:\/\/servimedcolombia.com\/index.php\/producto\/electrobisturi-quirurgico-de-valleylab-force-2\/#primaryimage","url":"https:\/\/servimedcolombia.com\/wp-content\/uploads\/2026\/04\/18.webp","contentUrl":"https:\/\/servimedcolombia.com\/wp-content\/uploads\/2026\/04\/18.webp","width":1654,"height":1654},{"@type":"BreadcrumbList","@id":"https:\/\/servimedcolombia.com\/index.php\/producto\/electrobisturi-quirurgico-de-valleylab-force-2\/#breadcrumb","itemListElement":[{"@type":"ListItem","position":1,"name":"Portada","item":"https:\/\/servimedcolombia.com\/"},{"@type":"ListItem","position":2,"name":"Tienda","item":"https:\/\/servimedcolombia.com\/index.php\/tienda\/"},{"@type":"ListItem","position":3,"name":"ELECTROBISTUR\u00cd QUIR\u00daRGICO DE VALLEYLAB FORCE 2"}]},{"@type":"WebSite","@id":"https:\/\/servimedcolombia.com\/#website","url":"https:\/\/servimedcolombia.com\/","name":"Servimed Colombia","description":"","potentialAction":[{"@type":"SearchAction","target":{"@type":"EntryPoint","urlTemplate":"https:\/\/servimedcolombia.com\/?s={search_term_string}"},"query-input":{"@type":"PropertyValueSpecification","valueRequired":true,"valueName":"search_term_string"}}],"inLanguage":"es"}]}},"_links":{"self":[{"href":"https:\/\/servimedcolombia.com\/index.php\/wp-json\/wp\/v2\/product\/10410","targetHints":{"allow":["GET"]}}],"collection":[{"href":"https:\/\/servimedcolombia.com\/index.php\/wp-json\/wp\/v2\/product"}],"about":[{"href":"https:\/\/servimedcolombia.com\/index.php\/wp-json\/wp\/v2\/types\/product"}],"version-history":[{"count":0,"href":"https:\/\/servimedcolombia.com\/index.php\/wp-json\/wp\/v2\/product\/10410\/revisions"}],"wp:featuredmedia":[{"embeddable":true,"href":"https:\/\/servimedcolombia.com\/index.php\/wp-json\/wp\/v2\/media\/10411"}],"wp:attachment":[{"href":"https:\/\/servimedcolombia.com\/index.php\/wp-json\/wp\/v2\/media?parent=10410"}],"wp:term":[{"taxonomy":"product_brand","embeddable":true,"href":"https:\/\/servimedcolombia.com\/index.php\/wp-json\/wp\/v2\/product_brand?post=10410"},{"taxonomy":"product_cat","embeddable":true,"href":"https:\/\/servimedcolombia.com\/index.php\/wp-json\/wp\/v2\/product_cat?post=10410"},{"taxonomy":"product_tag","embeddable":true,"href":"https:\/\/servimedcolombia.com\/index.php\/wp-json\/wp\/v2\/product_tag?post=10410"}],"curies":[{"name":"wp","href":"https:\/\/api.w.org\/{rel}","templated":true}]}}