{"id":10716,"date":"2023-11-01T23:45:13","date_gmt":"2023-11-02T04:45:13","guid":{"rendered":"https:\/\/servimedcolombia.com\/?post_type=product&#038;p=10716"},"modified":"2023-11-02T00:04:53","modified_gmt":"2023-11-02T05:04:53","slug":"cintas-kinesiologicas","status":"publish","type":"product","link":"https:\/\/servimedcolombia.com\/index.php\/producto\/cintas-kinesiologicas\/","title":{"rendered":"CINTAS KINESIOL\u00d3GICAS"},"content":{"rendered":"","protected":false},"excerpt":{"rendered":"<p>Las Cintas Kinesiol\u00f3gicas son cintas elaboradas en algod\u00f3n y spandex que se utilizan para fines terap\u00e9uticos, preventivos y deportivos. Estas cintas proporcionan soporte muscular y articular, lo que las hace ideales para el tratamiento de dolores y lesiones musculares. Vienen en rollos de 5 cm de ancho y 5 metros de longitud y est\u00e1n disponibles en 4 colores.<\/p>\n<p><strong>Caracter\u00edsticas:<\/strong><\/p>\n<ul>\n<li><strong>Alivio del Dolor:<\/strong> Estas cintas ayudan a aliviar el dolor en \u00e1reas musculares y articulares afectadas.<\/li>\n<li><strong>Estimulaci\u00f3n de M\u00fasculos:<\/strong> Contribuyen a estimular los m\u00fasculos, lo que puede ser beneficioso para el rendimiento deportivo y la recuperaci\u00f3n.<\/li>\n<li><strong>Permite Movilizar:<\/strong> Permiten una movilidad adecuada de la zona donde se apliquen, sin limitar la amplitud de movimiento.<\/li>\n<li><strong>Disminuye Inflamaci\u00f3n:<\/strong> Ayudan a reducir la inflamaci\u00f3n en \u00e1reas afectadas.<\/li>\n<li><strong>Disponible en 4 Colores:<\/strong> Est\u00e1n disponibles en una variedad de colores para adaptarse a tus preferencias o necesidades espec\u00edficas.<\/li>\n<\/ul>\n<p>Estas cintas son vers\u00e1tiles y pueden ser utilizadas por personas con diferentes necesidades, desde atletas que deseen un soporte adicional durante el ejercicio, hasta personas que buscan alivio del dolor y apoyo terap\u00e9utico.<\/p>\n<p><span style=\"color: #ff0000;\"><strong>Todos nuestros activos est\u00e1n sujetos a disponibilidad seg\u00fan inventario.\u00a0<\/strong><\/span><\/p>\n<p><span style=\"vertical-align: inherit;\"><span style=\"vertical-align: inherit;\"><span style=\"vertical-align: inherit;\"><span style=\"vertical-align: inherit;\"><span style=\"vertical-align: inherit;\"><span style=\"vertical-align: inherit;\">[njwa_button id=\"9888\"]<\/span><\/span><\/span><\/span><\/span><\/span><\/p>\n","protected":false},"featured_media":10717,"template":"","meta":{"rs_blank_template":"","rs_page_bg_color":"","slide_template_v7":""},"product_brand":[],"product_cat":[164],"product_tag":[],"class_list":{"0":"post-10716","1":"product","2":"type-product","3":"status-publish","4":"has-post-thumbnail","6":"product_cat-confort","8":"first","9":"instock","10":"shipping-taxable","11":"product-type-simple"},"yoast_head":"<!-- This site is optimized with the Yoast SEO plugin v27.4 - https:\/\/yoast.com\/product\/yoast-seo-wordpress\/ -->\n<title>CINTAS KINESIOL\u00d3GICAS - Servimed Colombia<\/title>\n<meta name=\"robots\" content=\"index, follow, max-snippet:-1, max-image-preview:large, max-video-preview:-1\" \/>\n<link rel=\"canonical\" href=\"https:\/\/servimedcolombia.com\/index.php\/producto\/cintas-kinesiologicas\/\" \/>\n<meta property=\"og:locale\" content=\"es_ES\" \/>\n<meta property=\"og:type\" content=\"article\" \/>\n<meta property=\"og:title\" content=\"CINTAS KINESIOL\u00d3GICAS - Servimed Colombia\" \/>\n<meta property=\"og:description\" content=\"Las Cintas Kinesiol\u00f3gicas son cintas elaboradas en algod\u00f3n y spandex que se utilizan para fines terap\u00e9uticos, preventivos y deportivos. Estas cintas proporcionan soporte muscular y articular, lo que las hace ideales para el tratamiento de dolores y lesiones musculares. Vienen en rollos de 5 cm de ancho y 5 metros de longitud y est\u00e1n disponibles en 4 colores.  Caracter\u00edsticas:   Alivio del Dolor: Estas cintas ayudan a aliviar el dolor en \u00e1reas musculares y articulares afectadas.  Estimulaci\u00f3n de M\u00fasculos: Contribuyen a estimular los m\u00fasculos, lo que puede ser beneficioso para el rendimiento deportivo y la recuperaci\u00f3n.  Permite Movilizar: Permiten una movilidad adecuada de la zona donde se apliquen, sin limitar la amplitud de movimiento.  Disminuye Inflamaci\u00f3n: Ayudan a reducir la inflamaci\u00f3n en \u00e1reas afectadas.  Disponible en 4 Colores: Est\u00e1n disponibles en una variedad de colores para adaptarse a tus preferencias o necesidades espec\u00edficas.  Estas cintas son vers\u00e1tiles y pueden ser utilizadas por personas con diferentes necesidades, desde atletas que deseen un soporte adicional durante el ejercicio, hasta personas que buscan alivio del dolor y apoyo terap\u00e9utico.  Todos nuestros activos est\u00e1n sujetos a disponibilidad seg\u00fan inventario.\u00a0\" \/>\n<meta property=\"og:url\" content=\"https:\/\/servimedcolombia.com\/index.php\/producto\/cintas-kinesiologicas\/\" \/>\n<meta property=\"og:site_name\" content=\"Servimed Colombia\" \/>\n<meta property=\"article:modified_time\" content=\"2023-11-02T05:04:53+00:00\" \/>\n<meta property=\"og:image\" content=\"https:\/\/servimedcolombia.com\/wp-content\/uploads\/2023\/11\/65.jpg\" \/>\n\t<meta property=\"og:image:width\" content=\"1102\" \/>\n\t<meta property=\"og:image:height\" content=\"1102\" \/>\n\t<meta property=\"og:image:type\" content=\"image\/jpeg\" \/>\n<meta name=\"twitter:card\" content=\"summary_large_image\" \/>\n<script type=\"application\/ld+json\" class=\"yoast-schema-graph\">{\"@context\":\"https:\\\/\\\/schema.org\",\"@graph\":[{\"@type\":\"WebPage\",\"@id\":\"https:\\\/\\\/servimedcolombia.com\\\/index.php\\\/producto\\\/cintas-kinesiologicas\\\/\",\"url\":\"https:\\\/\\\/servimedcolombia.com\\\/index.php\\\/producto\\\/cintas-kinesiologicas\\\/\",\"name\":\"CINTAS KINESIOL\u00d3GICAS - Servimed Colombia\",\"isPartOf\":{\"@id\":\"https:\\\/\\\/servimedcolombia.com\\\/#website\"},\"primaryImageOfPage\":{\"@id\":\"https:\\\/\\\/servimedcolombia.com\\\/index.php\\\/producto\\\/cintas-kinesiologicas\\\/#primaryimage\"},\"image\":{\"@id\":\"https:\\\/\\\/servimedcolombia.com\\\/index.php\\\/producto\\\/cintas-kinesiologicas\\\/#primaryimage\"},\"thumbnailUrl\":\"https:\\\/\\\/servimedcolombia.com\\\/wp-content\\\/uploads\\\/2026\\\/04\\\/65.webp\",\"datePublished\":\"2023-11-02T04:45:13+00:00\",\"dateModified\":\"2023-11-02T05:04:53+00:00\",\"breadcrumb\":{\"@id\":\"https:\\\/\\\/servimedcolombia.com\\\/index.php\\\/producto\\\/cintas-kinesiologicas\\\/#breadcrumb\"},\"inLanguage\":\"es\",\"potentialAction\":[{\"@type\":\"ReadAction\",\"target\":[\"https:\\\/\\\/servimedcolombia.com\\\/index.php\\\/producto\\\/cintas-kinesiologicas\\\/\"]}]},{\"@type\":\"ImageObject\",\"inLanguage\":\"es\",\"@id\":\"https:\\\/\\\/servimedcolombia.com\\\/index.php\\\/producto\\\/cintas-kinesiologicas\\\/#primaryimage\",\"url\":\"https:\\\/\\\/servimedcolombia.com\\\/wp-content\\\/uploads\\\/2026\\\/04\\\/65.webp\",\"contentUrl\":\"https:\\\/\\\/servimedcolombia.com\\\/wp-content\\\/uploads\\\/2026\\\/04\\\/65.webp\",\"width\":1102,\"height\":1102},{\"@type\":\"BreadcrumbList\",\"@id\":\"https:\\\/\\\/servimedcolombia.com\\\/index.php\\\/producto\\\/cintas-kinesiologicas\\\/#breadcrumb\",\"itemListElement\":[{\"@type\":\"ListItem\",\"position\":1,\"name\":\"Portada\",\"item\":\"https:\\\/\\\/servimedcolombia.com\\\/\"},{\"@type\":\"ListItem\",\"position\":2,\"name\":\"Tienda\",\"item\":\"https:\\\/\\\/servimedcolombia.com\\\/index.php\\\/tienda\\\/\"},{\"@type\":\"ListItem\",\"position\":3,\"name\":\"CINTAS KINESIOL\u00d3GICAS\"}]},{\"@type\":\"WebSite\",\"@id\":\"https:\\\/\\\/servimedcolombia.com\\\/#website\",\"url\":\"https:\\\/\\\/servimedcolombia.com\\\/\",\"name\":\"Servimed Colombia\",\"description\":\"\",\"potentialAction\":[{\"@type\":\"SearchAction\",\"target\":{\"@type\":\"EntryPoint\",\"urlTemplate\":\"https:\\\/\\\/servimedcolombia.com\\\/?s={search_term_string}\"},\"query-input\":{\"@type\":\"PropertyValueSpecification\",\"valueRequired\":true,\"valueName\":\"search_term_string\"}}],\"inLanguage\":\"es\"}]}<\/script>\n<!-- \/ Yoast SEO plugin. -->","yoast_head_json":{"title":"CINTAS KINESIOL\u00d3GICAS - Servimed Colombia","robots":{"index":"index","follow":"follow","max-snippet":"max-snippet:-1","max-image-preview":"max-image-preview:large","max-video-preview":"max-video-preview:-1"},"canonical":"https:\/\/servimedcolombia.com\/index.php\/producto\/cintas-kinesiologicas\/","og_locale":"es_ES","og_type":"article","og_title":"CINTAS KINESIOL\u00d3GICAS - Servimed Colombia","og_description":"Las Cintas Kinesiol\u00f3gicas son cintas elaboradas en algod\u00f3n y spandex que se utilizan para fines terap\u00e9uticos, preventivos y deportivos. Estas cintas proporcionan soporte muscular y articular, lo que las hace ideales para el tratamiento de dolores y lesiones musculares. Vienen en rollos de 5 cm de ancho y 5 metros de longitud y est\u00e1n disponibles en 4 colores.  Caracter\u00edsticas:   Alivio del Dolor: Estas cintas ayudan a aliviar el dolor en \u00e1reas musculares y articulares afectadas.  Estimulaci\u00f3n de M\u00fasculos: Contribuyen a estimular los m\u00fasculos, lo que puede ser beneficioso para el rendimiento deportivo y la recuperaci\u00f3n.  Permite Movilizar: Permiten una movilidad adecuada de la zona donde se apliquen, sin limitar la amplitud de movimiento.  Disminuye Inflamaci\u00f3n: Ayudan a reducir la inflamaci\u00f3n en \u00e1reas afectadas.  Disponible en 4 Colores: Est\u00e1n disponibles en una variedad de colores para adaptarse a tus preferencias o necesidades espec\u00edficas.  Estas cintas son vers\u00e1tiles y pueden ser utilizadas por personas con diferentes necesidades, desde atletas que deseen un soporte adicional durante el ejercicio, hasta personas que buscan alivio del dolor y apoyo terap\u00e9utico.  Todos nuestros activos est\u00e1n sujetos a disponibilidad seg\u00fan inventario.\u00a0","og_url":"https:\/\/servimedcolombia.com\/index.php\/producto\/cintas-kinesiologicas\/","og_site_name":"Servimed Colombia","article_modified_time":"2023-11-02T05:04:53+00:00","og_image":[{"width":1102,"height":1102,"url":"https:\/\/servimedcolombia.com\/wp-content\/uploads\/2023\/11\/65.jpg","type":"image\/jpeg"}],"twitter_card":"summary_large_image","schema":{"@context":"https:\/\/schema.org","@graph":[{"@type":"WebPage","@id":"https:\/\/servimedcolombia.com\/index.php\/producto\/cintas-kinesiologicas\/","url":"https:\/\/servimedcolombia.com\/index.php\/producto\/cintas-kinesiologicas\/","name":"CINTAS KINESIOL\u00d3GICAS - Servimed Colombia","isPartOf":{"@id":"https:\/\/servimedcolombia.com\/#website"},"primaryImageOfPage":{"@id":"https:\/\/servimedcolombia.com\/index.php\/producto\/cintas-kinesiologicas\/#primaryimage"},"image":{"@id":"https:\/\/servimedcolombia.com\/index.php\/producto\/cintas-kinesiologicas\/#primaryimage"},"thumbnailUrl":"https:\/\/servimedcolombia.com\/wp-content\/uploads\/2026\/04\/65.webp","datePublished":"2023-11-02T04:45:13+00:00","dateModified":"2023-11-02T05:04:53+00:00","breadcrumb":{"@id":"https:\/\/servimedcolombia.com\/index.php\/producto\/cintas-kinesiologicas\/#breadcrumb"},"inLanguage":"es","potentialAction":[{"@type":"ReadAction","target":["https:\/\/servimedcolombia.com\/index.php\/producto\/cintas-kinesiologicas\/"]}]},{"@type":"ImageObject","inLanguage":"es","@id":"https:\/\/servimedcolombia.com\/index.php\/producto\/cintas-kinesiologicas\/#primaryimage","url":"https:\/\/servimedcolombia.com\/wp-content\/uploads\/2026\/04\/65.webp","contentUrl":"https:\/\/servimedcolombia.com\/wp-content\/uploads\/2026\/04\/65.webp","width":1102,"height":1102},{"@type":"BreadcrumbList","@id":"https:\/\/servimedcolombia.com\/index.php\/producto\/cintas-kinesiologicas\/#breadcrumb","itemListElement":[{"@type":"ListItem","position":1,"name":"Portada","item":"https:\/\/servimedcolombia.com\/"},{"@type":"ListItem","position":2,"name":"Tienda","item":"https:\/\/servimedcolombia.com\/index.php\/tienda\/"},{"@type":"ListItem","position":3,"name":"CINTAS KINESIOL\u00d3GICAS"}]},{"@type":"WebSite","@id":"https:\/\/servimedcolombia.com\/#website","url":"https:\/\/servimedcolombia.com\/","name":"Servimed Colombia","description":"","potentialAction":[{"@type":"SearchAction","target":{"@type":"EntryPoint","urlTemplate":"https:\/\/servimedcolombia.com\/?s={search_term_string}"},"query-input":{"@type":"PropertyValueSpecification","valueRequired":true,"valueName":"search_term_string"}}],"inLanguage":"es"}]}},"_links":{"self":[{"href":"https:\/\/servimedcolombia.com\/index.php\/wp-json\/wp\/v2\/product\/10716","targetHints":{"allow":["GET"]}}],"collection":[{"href":"https:\/\/servimedcolombia.com\/index.php\/wp-json\/wp\/v2\/product"}],"about":[{"href":"https:\/\/servimedcolombia.com\/index.php\/wp-json\/wp\/v2\/types\/product"}],"version-history":[{"count":0,"href":"https:\/\/servimedcolombia.com\/index.php\/wp-json\/wp\/v2\/product\/10716\/revisions"}],"wp:featuredmedia":[{"embeddable":true,"href":"https:\/\/servimedcolombia.com\/index.php\/wp-json\/wp\/v2\/media\/10717"}],"wp:attachment":[{"href":"https:\/\/servimedcolombia.com\/index.php\/wp-json\/wp\/v2\/media?parent=10716"}],"wp:term":[{"taxonomy":"product_brand","embeddable":true,"href":"https:\/\/servimedcolombia.com\/index.php\/wp-json\/wp\/v2\/product_brand?post=10716"},{"taxonomy":"product_cat","embeddable":true,"href":"https:\/\/servimedcolombia.com\/index.php\/wp-json\/wp\/v2\/product_cat?post=10716"},{"taxonomy":"product_tag","embeddable":true,"href":"https:\/\/servimedcolombia.com\/index.php\/wp-json\/wp\/v2\/product_tag?post=10716"}],"curies":[{"name":"wp","href":"https:\/\/api.w.org\/{rel}","templated":true}]}}