{"id":11110,"date":"2024-03-13T18:08:02","date_gmt":"2024-03-13T23:08:02","guid":{"rendered":"https:\/\/servimedcolombia.com\/?post_type=product&#038;p=11110"},"modified":"2024-03-13T18:12:36","modified_gmt":"2024-03-13T23:12:36","slug":"maquina-de-anestesia-prunus-600d","status":"publish","type":"product","link":"https:\/\/servimedcolombia.com\/index.php\/producto\/maquina-de-anestesia-prunus-600d\/","title":{"rendered":"M\u00c1QUINA DE ANESTESIA PRUNUS 600D"},"content":{"rendered":"","protected":false},"excerpt":{"rendered":"<p>La M\u00e1quina de Anestesia Prunus 600D ofrece una variedad de modos de ventilaci\u00f3n y par\u00e1metros ajustables, adapt\u00e1ndose a las necesidades de pacientes de diferentes edades y condiciones cl\u00ednicas. Con su dise\u00f1o robusto y funcionalidades avanzadas, proporciona un alto nivel de rendimiento y seguridad en entornos quir\u00fargicos.<\/p>\n<p><strong>Especificaciones f\u00edsicas:<\/strong><\/p>\n<ul>\n<li>Dimensiones (H x W x D): 1385mm \u00d7 850mm \u00d7 633mm<\/li>\n<li>Peso: 80 kg (Sin vaporizador ni cilindro)<\/li>\n<li>Estante superior:\n<ul>\n<li>L\u00edmite de Peso: 34 kg<\/li>\n<li>Ancho X Hondo: 535\u00d7382 mm<\/li>\n<\/ul>\n<\/li>\n<li>Caj\u00f3n (Dimensi\u00f3n Interna):\n<ul>\n<li>Dimensiones (HxWxD): 150\u00d7338\u00d7308 mm<\/li>\n<li>Cantidad: 1<\/li>\n<\/ul>\n<\/li>\n<li>Ruedas:\n<ul>\n<li>Di\u00e1metro: 100 mm<\/li>\n<li>Frenos: Dos ruedas delanteras con frenos<\/li>\n<\/ul>\n<\/li>\n<\/ul>\n<p><strong>Especificaciones de ventilaci\u00f3n:<\/strong><\/p>\n<ul>\n<li>Modos de ventilaci\u00f3n:\n<ul>\n<li>Manual\/Standby<\/li>\n<li>Volumen Control Ventilaci\u00f3n (VCV)<\/li>\n<li>Presi\u00f3n Control Ventilaci\u00f3n (PCV)<\/li>\n<li>Sincronizado Intermitente<\/li>\n<li>Ventilaci\u00f3n obligatoria: SIMV (V)+PS, SIMV (P)+PS<\/li>\n<li>Ventilaci\u00f3n de soporte de Presi\u00f3n opcional: (SPONT)<\/li>\n<\/ul>\n<\/li>\n<\/ul>\n<p><strong>Rango de Par\u00e1metros de ventilaci\u00f3n:<\/strong><\/p>\n<ul>\n<li style=\"list-style-type: none;\">\n<ul>\n<li>Tipo de Paciente: Adulto, Pedi\u00e1trico, Infante<\/li>\n<li>Volumen Tidal:\n<ul>\n<li>Pedi\u00e1trico\/Infante: 40~300ml<\/li>\n<li>Adulto: 100~1500ml (Incrementos de 5mL)<\/li>\n<\/ul>\n<\/li>\n<li>P insp: 5 ~ 70 cmH2O (incrementos de 1 cmH2O)<\/li>\n<li>P limit (PEEP+5) ~ 70 cmH2O (incrementos de 1 cmH2O)<\/li>\n<li>f (Rate):\n<ul>\n<li>f en SIMV modo: 1 ~ 40 bpm<\/li>\n<li>Otros modos: 4 ~ 60 bpm (Incrementos de 1 bpm)<\/li>\n<\/ul>\n<\/li>\n<li>Relaci\u00f3n I: E: 3:1 ~ 1:6 (incrementos de 0.5)<\/li>\n<li>Tpausa: APAGADO, 5% ~ 50% (incrementos de 5%)<\/li>\n<li>Ti: 0.1 ~ 10 s (incrementos de 0.1s)<\/li>\n<li>Disparador de flujo: 1 ~ 15 L\/min (incrementos de 1 L\/min)<\/li>\n<li>P soporte: 5 ~ 60 cmH2O (incrementos de 1 cmH2O)<\/li>\n<\/ul>\n<\/li>\n<\/ul>\n<p><span style=\"color: #ff0000;\"><strong>Todos nuestros activos est\u00e1n sujetos a disponibilidad seg\u00fan inventario.\u00a0<\/strong><\/span><\/p>\n<p><span style=\"vertical-align: inherit;\"><span style=\"vertical-align: inherit;\"><span style=\"vertical-align: inherit;\"><span style=\"vertical-align: inherit;\"><span style=\"vertical-align: inherit;\"><span style=\"vertical-align: inherit;\">[njwa_button id=\"9888\"]<\/span><\/span><\/span><\/span><\/span><\/span><\/p>\n","protected":false},"featured_media":11021,"template":"","meta":{"rs_blank_template":"","rs_page_bg_color":"","slide_template_v7":""},"product_brand":[],"product_cat":[173],"product_tag":[],"class_list":{"0":"post-11110","1":"product","2":"type-product","3":"status-publish","4":"has-post-thumbnail","6":"product_cat-maquinas-de-anestesia","8":"first","9":"instock","10":"shipping-taxable","11":"product-type-simple"},"yoast_head":"<!-- This site is optimized with the Yoast SEO plugin v27.4 - https:\/\/yoast.com\/product\/yoast-seo-wordpress\/ -->\n<title>M\u00c1QUINA DE ANESTESIA PRUNUS 600D - Servimed Colombia<\/title>\n<meta name=\"robots\" content=\"index, follow, max-snippet:-1, max-image-preview:large, max-video-preview:-1\" \/>\n<link rel=\"canonical\" href=\"https:\/\/servimedcolombia.com\/index.php\/producto\/maquina-de-anestesia-prunus-600d\/\" \/>\n<meta property=\"og:locale\" content=\"es_ES\" \/>\n<meta property=\"og:type\" content=\"article\" \/>\n<meta property=\"og:title\" content=\"M\u00c1QUINA DE ANESTESIA PRUNUS 600D - Servimed Colombia\" \/>\n<meta property=\"og:description\" content=\"La M\u00e1quina de Anestesia Prunus 600D ofrece una variedad de modos de ventilaci\u00f3n y par\u00e1metros ajustables, adapt\u00e1ndose a las necesidades de pacientes de diferentes edades y condiciones cl\u00ednicas. Con su dise\u00f1o robusto y funcionalidades avanzadas, proporciona un alto nivel de rendimiento y seguridad en entornos quir\u00fargicos.  Especificaciones f\u00edsicas:   Dimensiones (H x W x D): 1385mm \u00d7 850mm \u00d7 633mm  Peso: 80 kg (Sin vaporizador ni cilindro)  Estante superior:   L\u00edmite de Peso: 34 kg  Ancho X Hondo: 535\u00d7382 mm    Caj\u00f3n (Dimensi\u00f3n Interna):   Dimensiones (HxWxD): 150\u00d7338\u00d7308 mm  Cantidad: 1    Ruedas:   Di\u00e1metro: 100 mm  Frenos: Dos ruedas delanteras con frenos    Especificaciones de ventilaci\u00f3n:   Modos de ventilaci\u00f3n:   Manual\/Standby  Volumen Control Ventilaci\u00f3n (VCV)  Presi\u00f3n Control Ventilaci\u00f3n (PCV)  Sincronizado Intermitente  Ventilaci\u00f3n obligatoria: SIMV (V)+PS, SIMV (P)+PS  Ventilaci\u00f3n de soporte de Presi\u00f3n opcional: (SPONT)    Rango de Par\u00e1metros de ventilaci\u00f3n:      Tipo de Paciente: Adulto, Pedi\u00e1trico, Infante  Volumen Tidal:   Pedi\u00e1trico\/Infante: 40~300ml  Adulto: 100~1500ml (Incrementos de 5mL)    P insp: 5 ~ 70 cmH2O (incrementos de 1 cmH2O)  P limit (PEEP+5) ~ 70 cmH2O (incrementos de 1 cmH2O)  f (Rate):   f en SIMV modo: 1 ~ 40 bpm  Otros modos: 4 ~ 60 bpm (Incrementos de 1 bpm)    Relaci\u00f3n I: E: 3:1 ~ 1:6 (incrementos de 0.5)  Tpausa: APAGADO, 5% ~ 50% (incrementos de 5%)  Ti: 0.1 ~ 10 s (incrementos de 0.1s)  Disparador de flujo: 1 ~ 15 L\/min (incrementos de 1 L\/min)  P soporte: 5 ~ 60 cmH2O (incrementos de 1 cmH2O)    Todos nuestros activos est\u00e1n sujetos a disponibilidad seg\u00fan inventario.\u00a0\" \/>\n<meta property=\"og:url\" content=\"https:\/\/servimedcolombia.com\/index.php\/producto\/maquina-de-anestesia-prunus-600d\/\" \/>\n<meta property=\"og:site_name\" content=\"Servimed Colombia\" \/>\n<meta property=\"article:modified_time\" content=\"2024-03-13T23:12:36+00:00\" \/>\n<meta property=\"og:image\" content=\"https:\/\/servimedcolombia.com\/wp-content\/uploads\/2024\/03\/131.jpg\" \/>\n\t<meta property=\"og:image:width\" content=\"1654\" \/>\n\t<meta property=\"og:image:height\" content=\"1654\" \/>\n\t<meta property=\"og:image:type\" content=\"image\/jpeg\" \/>\n<meta name=\"twitter:card\" content=\"summary_large_image\" \/>\n<meta name=\"twitter:label1\" content=\"Tiempo de lectura\" \/>\n\t<meta name=\"twitter:data1\" content=\"1 minuto\" \/>\n<script type=\"application\/ld+json\" class=\"yoast-schema-graph\">{\"@context\":\"https:\\\/\\\/schema.org\",\"@graph\":[{\"@type\":\"WebPage\",\"@id\":\"https:\\\/\\\/servimedcolombia.com\\\/index.php\\\/producto\\\/maquina-de-anestesia-prunus-600d\\\/\",\"url\":\"https:\\\/\\\/servimedcolombia.com\\\/index.php\\\/producto\\\/maquina-de-anestesia-prunus-600d\\\/\",\"name\":\"M\u00c1QUINA DE ANESTESIA PRUNUS 600D - Servimed Colombia\",\"isPartOf\":{\"@id\":\"https:\\\/\\\/servimedcolombia.com\\\/#website\"},\"primaryImageOfPage\":{\"@id\":\"https:\\\/\\\/servimedcolombia.com\\\/index.php\\\/producto\\\/maquina-de-anestesia-prunus-600d\\\/#primaryimage\"},\"image\":{\"@id\":\"https:\\\/\\\/servimedcolombia.com\\\/index.php\\\/producto\\\/maquina-de-anestesia-prunus-600d\\\/#primaryimage\"},\"thumbnailUrl\":\"https:\\\/\\\/servimedcolombia.com\\\/wp-content\\\/uploads\\\/2026\\\/04\\\/131.webp\",\"datePublished\":\"2024-03-13T23:08:02+00:00\",\"dateModified\":\"2024-03-13T23:12:36+00:00\",\"breadcrumb\":{\"@id\":\"https:\\\/\\\/servimedcolombia.com\\\/index.php\\\/producto\\\/maquina-de-anestesia-prunus-600d\\\/#breadcrumb\"},\"inLanguage\":\"es\",\"potentialAction\":[{\"@type\":\"ReadAction\",\"target\":[\"https:\\\/\\\/servimedcolombia.com\\\/index.php\\\/producto\\\/maquina-de-anestesia-prunus-600d\\\/\"]}]},{\"@type\":\"ImageObject\",\"inLanguage\":\"es\",\"@id\":\"https:\\\/\\\/servimedcolombia.com\\\/index.php\\\/producto\\\/maquina-de-anestesia-prunus-600d\\\/#primaryimage\",\"url\":\"https:\\\/\\\/servimedcolombia.com\\\/wp-content\\\/uploads\\\/2026\\\/04\\\/131.webp\",\"contentUrl\":\"https:\\\/\\\/servimedcolombia.com\\\/wp-content\\\/uploads\\\/2026\\\/04\\\/131.webp\",\"width\":1654,\"height\":1654},{\"@type\":\"BreadcrumbList\",\"@id\":\"https:\\\/\\\/servimedcolombia.com\\\/index.php\\\/producto\\\/maquina-de-anestesia-prunus-600d\\\/#breadcrumb\",\"itemListElement\":[{\"@type\":\"ListItem\",\"position\":1,\"name\":\"Portada\",\"item\":\"https:\\\/\\\/servimedcolombia.com\\\/\"},{\"@type\":\"ListItem\",\"position\":2,\"name\":\"Tienda\",\"item\":\"https:\\\/\\\/servimedcolombia.com\\\/index.php\\\/tienda\\\/\"},{\"@type\":\"ListItem\",\"position\":3,\"name\":\"M\u00c1QUINA DE ANESTESIA PRUNUS 600D\"}]},{\"@type\":\"WebSite\",\"@id\":\"https:\\\/\\\/servimedcolombia.com\\\/#website\",\"url\":\"https:\\\/\\\/servimedcolombia.com\\\/\",\"name\":\"Servimed Colombia\",\"description\":\"\",\"potentialAction\":[{\"@type\":\"SearchAction\",\"target\":{\"@type\":\"EntryPoint\",\"urlTemplate\":\"https:\\\/\\\/servimedcolombia.com\\\/?s={search_term_string}\"},\"query-input\":{\"@type\":\"PropertyValueSpecification\",\"valueRequired\":true,\"valueName\":\"search_term_string\"}}],\"inLanguage\":\"es\"}]}<\/script>\n<!-- \/ Yoast SEO plugin. -->","yoast_head_json":{"title":"M\u00c1QUINA DE ANESTESIA PRUNUS 600D - Servimed Colombia","robots":{"index":"index","follow":"follow","max-snippet":"max-snippet:-1","max-image-preview":"max-image-preview:large","max-video-preview":"max-video-preview:-1"},"canonical":"https:\/\/servimedcolombia.com\/index.php\/producto\/maquina-de-anestesia-prunus-600d\/","og_locale":"es_ES","og_type":"article","og_title":"M\u00c1QUINA DE ANESTESIA PRUNUS 600D - Servimed Colombia","og_description":"La M\u00e1quina de Anestesia Prunus 600D ofrece una variedad de modos de ventilaci\u00f3n y par\u00e1metros ajustables, adapt\u00e1ndose a las necesidades de pacientes de diferentes edades y condiciones cl\u00ednicas. Con su dise\u00f1o robusto y funcionalidades avanzadas, proporciona un alto nivel de rendimiento y seguridad en entornos quir\u00fargicos.  Especificaciones f\u00edsicas:   Dimensiones (H x W x D): 1385mm \u00d7 850mm \u00d7 633mm  Peso: 80 kg (Sin vaporizador ni cilindro)  Estante superior:   L\u00edmite de Peso: 34 kg  Ancho X Hondo: 535\u00d7382 mm    Caj\u00f3n (Dimensi\u00f3n Interna):   Dimensiones (HxWxD): 150\u00d7338\u00d7308 mm  Cantidad: 1    Ruedas:   Di\u00e1metro: 100 mm  Frenos: Dos ruedas delanteras con frenos    Especificaciones de ventilaci\u00f3n:   Modos de ventilaci\u00f3n:   Manual\/Standby  Volumen Control Ventilaci\u00f3n (VCV)  Presi\u00f3n Control Ventilaci\u00f3n (PCV)  Sincronizado Intermitente  Ventilaci\u00f3n obligatoria: SIMV (V)+PS, SIMV (P)+PS  Ventilaci\u00f3n de soporte de Presi\u00f3n opcional: (SPONT)    Rango de Par\u00e1metros de ventilaci\u00f3n:      Tipo de Paciente: Adulto, Pedi\u00e1trico, Infante  Volumen Tidal:   Pedi\u00e1trico\/Infante: 40~300ml  Adulto: 100~1500ml (Incrementos de 5mL)    P insp: 5 ~ 70 cmH2O (incrementos de 1 cmH2O)  P limit (PEEP+5) ~ 70 cmH2O (incrementos de 1 cmH2O)  f (Rate):   f en SIMV modo: 1 ~ 40 bpm  Otros modos: 4 ~ 60 bpm (Incrementos de 1 bpm)    Relaci\u00f3n I: E: 3:1 ~ 1:6 (incrementos de 0.5)  Tpausa: APAGADO, 5% ~ 50% (incrementos de 5%)  Ti: 0.1 ~ 10 s (incrementos de 0.1s)  Disparador de flujo: 1 ~ 15 L\/min (incrementos de 1 L\/min)  P soporte: 5 ~ 60 cmH2O (incrementos de 1 cmH2O)    Todos nuestros activos est\u00e1n sujetos a disponibilidad seg\u00fan inventario.\u00a0","og_url":"https:\/\/servimedcolombia.com\/index.php\/producto\/maquina-de-anestesia-prunus-600d\/","og_site_name":"Servimed Colombia","article_modified_time":"2024-03-13T23:12:36+00:00","og_image":[{"width":1654,"height":1654,"url":"https:\/\/servimedcolombia.com\/wp-content\/uploads\/2024\/03\/131.jpg","type":"image\/jpeg"}],"twitter_card":"summary_large_image","twitter_misc":{"Tiempo de lectura":"1 minuto"},"schema":{"@context":"https:\/\/schema.org","@graph":[{"@type":"WebPage","@id":"https:\/\/servimedcolombia.com\/index.php\/producto\/maquina-de-anestesia-prunus-600d\/","url":"https:\/\/servimedcolombia.com\/index.php\/producto\/maquina-de-anestesia-prunus-600d\/","name":"M\u00c1QUINA DE ANESTESIA PRUNUS 600D - Servimed Colombia","isPartOf":{"@id":"https:\/\/servimedcolombia.com\/#website"},"primaryImageOfPage":{"@id":"https:\/\/servimedcolombia.com\/index.php\/producto\/maquina-de-anestesia-prunus-600d\/#primaryimage"},"image":{"@id":"https:\/\/servimedcolombia.com\/index.php\/producto\/maquina-de-anestesia-prunus-600d\/#primaryimage"},"thumbnailUrl":"https:\/\/servimedcolombia.com\/wp-content\/uploads\/2026\/04\/131.webp","datePublished":"2024-03-13T23:08:02+00:00","dateModified":"2024-03-13T23:12:36+00:00","breadcrumb":{"@id":"https:\/\/servimedcolombia.com\/index.php\/producto\/maquina-de-anestesia-prunus-600d\/#breadcrumb"},"inLanguage":"es","potentialAction":[{"@type":"ReadAction","target":["https:\/\/servimedcolombia.com\/index.php\/producto\/maquina-de-anestesia-prunus-600d\/"]}]},{"@type":"ImageObject","inLanguage":"es","@id":"https:\/\/servimedcolombia.com\/index.php\/producto\/maquina-de-anestesia-prunus-600d\/#primaryimage","url":"https:\/\/servimedcolombia.com\/wp-content\/uploads\/2026\/04\/131.webp","contentUrl":"https:\/\/servimedcolombia.com\/wp-content\/uploads\/2026\/04\/131.webp","width":1654,"height":1654},{"@type":"BreadcrumbList","@id":"https:\/\/servimedcolombia.com\/index.php\/producto\/maquina-de-anestesia-prunus-600d\/#breadcrumb","itemListElement":[{"@type":"ListItem","position":1,"name":"Portada","item":"https:\/\/servimedcolombia.com\/"},{"@type":"ListItem","position":2,"name":"Tienda","item":"https:\/\/servimedcolombia.com\/index.php\/tienda\/"},{"@type":"ListItem","position":3,"name":"M\u00c1QUINA DE ANESTESIA PRUNUS 600D"}]},{"@type":"WebSite","@id":"https:\/\/servimedcolombia.com\/#website","url":"https:\/\/servimedcolombia.com\/","name":"Servimed Colombia","description":"","potentialAction":[{"@type":"SearchAction","target":{"@type":"EntryPoint","urlTemplate":"https:\/\/servimedcolombia.com\/?s={search_term_string}"},"query-input":{"@type":"PropertyValueSpecification","valueRequired":true,"valueName":"search_term_string"}}],"inLanguage":"es"}]}},"_links":{"self":[{"href":"https:\/\/servimedcolombia.com\/index.php\/wp-json\/wp\/v2\/product\/11110","targetHints":{"allow":["GET"]}}],"collection":[{"href":"https:\/\/servimedcolombia.com\/index.php\/wp-json\/wp\/v2\/product"}],"about":[{"href":"https:\/\/servimedcolombia.com\/index.php\/wp-json\/wp\/v2\/types\/product"}],"version-history":[{"count":0,"href":"https:\/\/servimedcolombia.com\/index.php\/wp-json\/wp\/v2\/product\/11110\/revisions"}],"wp:featuredmedia":[{"embeddable":true,"href":"https:\/\/servimedcolombia.com\/index.php\/wp-json\/wp\/v2\/media\/11021"}],"wp:attachment":[{"href":"https:\/\/servimedcolombia.com\/index.php\/wp-json\/wp\/v2\/media?parent=11110"}],"wp:term":[{"taxonomy":"product_brand","embeddable":true,"href":"https:\/\/servimedcolombia.com\/index.php\/wp-json\/wp\/v2\/product_brand?post=11110"},{"taxonomy":"product_cat","embeddable":true,"href":"https:\/\/servimedcolombia.com\/index.php\/wp-json\/wp\/v2\/product_cat?post=11110"},{"taxonomy":"product_tag","embeddable":true,"href":"https:\/\/servimedcolombia.com\/index.php\/wp-json\/wp\/v2\/product_tag?post=11110"}],"curies":[{"name":"wp","href":"https:\/\/api.w.org\/{rel}","templated":true}]}}