{"id":11591,"date":"2024-05-27T12:16:44","date_gmt":"2024-05-27T17:16:44","guid":{"rendered":"https:\/\/servimedcolombia.com\/?post_type=product&#038;p=11591"},"modified":"2024-05-27T12:17:28","modified_gmt":"2024-05-27T17:17:28","slug":"electrocardiografo-mindray-beneheart-r12","status":"publish","type":"product","link":"https:\/\/servimedcolombia.com\/index.php\/producto\/electrocardiografo-mindray-beneheart-r12\/","title":{"rendered":"ELECTROCARDI\u00d3GRAFO MINDRAY BENEHEART R12"},"content":{"rendered":"","protected":false},"excerpt":{"rendered":"<p><strong>BeneHeart R12 es un electrocardi\u00f3grafo de 12 canales que incorpora tecnolog\u00edas de uso sencillo para proporcionar diagn\u00f3sticos ECG r\u00e1pidos y precisos, satisfaciendo diferentes necesidades cl\u00ednicas en pacientes de todas las edades.<\/strong><\/p>\n<ul>\n<li><strong>An\u00e1lisis de 12 derivaciones de Glasgow:<\/strong>\n<ul>\n<li>Reconocido en la industria, este an\u00e1lisis respalda la confianza en el diagn\u00f3stico a nivel mundial.<\/li>\n<li>Ofrece diagn\u00f3sticos precisos en adultos y ni\u00f1os desde el nacimiento.<\/li>\n<\/ul>\n<\/li>\n<li><strong>Detecci\u00f3n del marcapasos digital:<\/strong>\n<ul>\n<li>Proporciona un informe fiable del modo de estimulaci\u00f3n auricular, ventricular y secuencial A-V.<\/li>\n<li>No requiere la selecci\u00f3n de la sensibilidad de detecci\u00f3n del marcapasos.<\/li>\n<\/ul>\n<\/li>\n<\/ul>\n<p><span style=\"color: #ff0000;\"><strong>Todos nuestros activos est\u00e1n sujetos a disponibilidad seg\u00fan inventario.\u00a0<\/strong><\/span><\/p>\n<p><span style=\"vertical-align: inherit;\"><span style=\"vertical-align: inherit;\"><span style=\"vertical-align: inherit;\"><span style=\"vertical-align: inherit;\"><span style=\"vertical-align: inherit;\"><span style=\"vertical-align: inherit;\">[njwa_button id=\"9888\"]<\/span><\/span><\/span><\/span><\/span><\/span><\/p>\n","protected":false},"featured_media":11588,"template":"","meta":[],"product_brand":[],"product_cat":[123],"product_tag":[],"class_list":{"0":"post-11591","1":"product","2":"type-product","3":"status-publish","4":"has-post-thumbnail","6":"product_cat-electrocardiografos-y-accesorios","8":"first","9":"instock","10":"shipping-taxable","11":"product-type-simple"},"yoast_head":"<!-- This site is optimized with the Yoast SEO plugin v27.3 - https:\/\/yoast.com\/product\/yoast-seo-wordpress\/ -->\n<title>ELECTROCARDI\u00d3GRAFO MINDRAY BENEHEART R12 - Servimed Colombia<\/title>\n<meta name=\"robots\" content=\"index, follow, max-snippet:-1, max-image-preview:large, max-video-preview:-1\" \/>\n<link rel=\"canonical\" href=\"https:\/\/servimedcolombia.com\/index.php\/producto\/electrocardiografo-mindray-beneheart-r12\/\" \/>\n<meta property=\"og:locale\" content=\"es_ES\" \/>\n<meta property=\"og:type\" content=\"article\" \/>\n<meta property=\"og:title\" content=\"ELECTROCARDI\u00d3GRAFO MINDRAY BENEHEART R12 - Servimed Colombia\" \/>\n<meta property=\"og:description\" content=\"BeneHeart R12 es un electrocardi\u00f3grafo de 12 canales que incorpora tecnolog\u00edas de uso sencillo para proporcionar diagn\u00f3sticos ECG r\u00e1pidos y precisos, satisfaciendo diferentes necesidades cl\u00ednicas en pacientes de todas las edades.   An\u00e1lisis de 12 derivaciones de Glasgow:   Reconocido en la industria, este an\u00e1lisis respalda la confianza en el diagn\u00f3stico a nivel mundial.  Ofrece diagn\u00f3sticos precisos en adultos y ni\u00f1os desde el nacimiento.    Detecci\u00f3n del marcapasos digital:   Proporciona un informe fiable del modo de estimulaci\u00f3n auricular, ventricular y secuencial A-V.  No requiere la selecci\u00f3n de la sensibilidad de detecci\u00f3n del marcapasos.    Todos nuestros activos est\u00e1n sujetos a disponibilidad seg\u00fan inventario.\u00a0\" \/>\n<meta property=\"og:url\" content=\"https:\/\/servimedcolombia.com\/index.php\/producto\/electrocardiografo-mindray-beneheart-r12\/\" \/>\n<meta property=\"og:site_name\" content=\"Servimed Colombia\" \/>\n<meta property=\"article:modified_time\" content=\"2024-05-27T17:17:28+00:00\" \/>\n<meta property=\"og:image\" content=\"https:\/\/servimedcolombia.com\/wp-content\/uploads\/2024\/05\/205.jpg\" \/>\n\t<meta property=\"og:image:width\" content=\"1654\" \/>\n\t<meta property=\"og:image:height\" content=\"1654\" \/>\n\t<meta property=\"og:image:type\" content=\"image\/jpeg\" \/>\n<meta name=\"twitter:card\" content=\"summary_large_image\" \/>\n<meta name=\"twitter:label1\" content=\"Tiempo de lectura\" \/>\n\t<meta name=\"twitter:data1\" content=\"1 minuto\" \/>\n<script type=\"application\/ld+json\" class=\"yoast-schema-graph\">{\"@context\":\"https:\\\/\\\/schema.org\",\"@graph\":[{\"@type\":\"WebPage\",\"@id\":\"https:\\\/\\\/servimedcolombia.com\\\/index.php\\\/producto\\\/electrocardiografo-mindray-beneheart-r12\\\/\",\"url\":\"https:\\\/\\\/servimedcolombia.com\\\/index.php\\\/producto\\\/electrocardiografo-mindray-beneheart-r12\\\/\",\"name\":\"ELECTROCARDI\u00d3GRAFO MINDRAY BENEHEART R12 - Servimed Colombia\",\"isPartOf\":{\"@id\":\"https:\\\/\\\/servimedcolombia.com\\\/#website\"},\"primaryImageOfPage\":{\"@id\":\"https:\\\/\\\/servimedcolombia.com\\\/index.php\\\/producto\\\/electrocardiografo-mindray-beneheart-r12\\\/#primaryimage\"},\"image\":{\"@id\":\"https:\\\/\\\/servimedcolombia.com\\\/index.php\\\/producto\\\/electrocardiografo-mindray-beneheart-r12\\\/#primaryimage\"},\"thumbnailUrl\":\"https:\\\/\\\/servimedcolombia.com\\\/wp-content\\\/uploads\\\/2024\\\/05\\\/205.jpg\",\"datePublished\":\"2024-05-27T17:16:44+00:00\",\"dateModified\":\"2024-05-27T17:17:28+00:00\",\"breadcrumb\":{\"@id\":\"https:\\\/\\\/servimedcolombia.com\\\/index.php\\\/producto\\\/electrocardiografo-mindray-beneheart-r12\\\/#breadcrumb\"},\"inLanguage\":\"es\",\"potentialAction\":[{\"@type\":\"ReadAction\",\"target\":[\"https:\\\/\\\/servimedcolombia.com\\\/index.php\\\/producto\\\/electrocardiografo-mindray-beneheart-r12\\\/\"]}]},{\"@type\":\"ImageObject\",\"inLanguage\":\"es\",\"@id\":\"https:\\\/\\\/servimedcolombia.com\\\/index.php\\\/producto\\\/electrocardiografo-mindray-beneheart-r12\\\/#primaryimage\",\"url\":\"https:\\\/\\\/servimedcolombia.com\\\/wp-content\\\/uploads\\\/2024\\\/05\\\/205.jpg\",\"contentUrl\":\"https:\\\/\\\/servimedcolombia.com\\\/wp-content\\\/uploads\\\/2024\\\/05\\\/205.jpg\",\"width\":1654,\"height\":1654},{\"@type\":\"BreadcrumbList\",\"@id\":\"https:\\\/\\\/servimedcolombia.com\\\/index.php\\\/producto\\\/electrocardiografo-mindray-beneheart-r12\\\/#breadcrumb\",\"itemListElement\":[{\"@type\":\"ListItem\",\"position\":1,\"name\":\"Portada\",\"item\":\"https:\\\/\\\/servimedcolombia.com\\\/\"},{\"@type\":\"ListItem\",\"position\":2,\"name\":\"Tienda\",\"item\":\"https:\\\/\\\/servimedcolombia.com\\\/index.php\\\/tienda\\\/\"},{\"@type\":\"ListItem\",\"position\":3,\"name\":\"ELECTROCARDI\u00d3GRAFO MINDRAY BENEHEART R12\"}]},{\"@type\":\"WebSite\",\"@id\":\"https:\\\/\\\/servimedcolombia.com\\\/#website\",\"url\":\"https:\\\/\\\/servimedcolombia.com\\\/\",\"name\":\"Servimed Colombia\",\"description\":\"\",\"potentialAction\":[{\"@type\":\"SearchAction\",\"target\":{\"@type\":\"EntryPoint\",\"urlTemplate\":\"https:\\\/\\\/servimedcolombia.com\\\/?s={search_term_string}\"},\"query-input\":{\"@type\":\"PropertyValueSpecification\",\"valueRequired\":true,\"valueName\":\"search_term_string\"}}],\"inLanguage\":\"es\"}]}<\/script>\n<!-- \/ Yoast SEO plugin. -->","yoast_head_json":{"title":"ELECTROCARDI\u00d3GRAFO MINDRAY BENEHEART R12 - Servimed Colombia","robots":{"index":"index","follow":"follow","max-snippet":"max-snippet:-1","max-image-preview":"max-image-preview:large","max-video-preview":"max-video-preview:-1"},"canonical":"https:\/\/servimedcolombia.com\/index.php\/producto\/electrocardiografo-mindray-beneheart-r12\/","og_locale":"es_ES","og_type":"article","og_title":"ELECTROCARDI\u00d3GRAFO MINDRAY BENEHEART R12 - Servimed Colombia","og_description":"BeneHeart R12 es un electrocardi\u00f3grafo de 12 canales que incorpora tecnolog\u00edas de uso sencillo para proporcionar diagn\u00f3sticos ECG r\u00e1pidos y precisos, satisfaciendo diferentes necesidades cl\u00ednicas en pacientes de todas las edades.   An\u00e1lisis de 12 derivaciones de Glasgow:   Reconocido en la industria, este an\u00e1lisis respalda la confianza en el diagn\u00f3stico a nivel mundial.  Ofrece diagn\u00f3sticos precisos en adultos y ni\u00f1os desde el nacimiento.    Detecci\u00f3n del marcapasos digital:   Proporciona un informe fiable del modo de estimulaci\u00f3n auricular, ventricular y secuencial A-V.  No requiere la selecci\u00f3n de la sensibilidad de detecci\u00f3n del marcapasos.    Todos nuestros activos est\u00e1n sujetos a disponibilidad seg\u00fan inventario.\u00a0","og_url":"https:\/\/servimedcolombia.com\/index.php\/producto\/electrocardiografo-mindray-beneheart-r12\/","og_site_name":"Servimed Colombia","article_modified_time":"2024-05-27T17:17:28+00:00","og_image":[{"width":1654,"height":1654,"url":"https:\/\/servimedcolombia.com\/wp-content\/uploads\/2024\/05\/205.jpg","type":"image\/jpeg"}],"twitter_card":"summary_large_image","twitter_misc":{"Tiempo de lectura":"1 minuto"},"schema":{"@context":"https:\/\/schema.org","@graph":[{"@type":"WebPage","@id":"https:\/\/servimedcolombia.com\/index.php\/producto\/electrocardiografo-mindray-beneheart-r12\/","url":"https:\/\/servimedcolombia.com\/index.php\/producto\/electrocardiografo-mindray-beneheart-r12\/","name":"ELECTROCARDI\u00d3GRAFO MINDRAY BENEHEART R12 - Servimed Colombia","isPartOf":{"@id":"https:\/\/servimedcolombia.com\/#website"},"primaryImageOfPage":{"@id":"https:\/\/servimedcolombia.com\/index.php\/producto\/electrocardiografo-mindray-beneheart-r12\/#primaryimage"},"image":{"@id":"https:\/\/servimedcolombia.com\/index.php\/producto\/electrocardiografo-mindray-beneheart-r12\/#primaryimage"},"thumbnailUrl":"https:\/\/servimedcolombia.com\/wp-content\/uploads\/2024\/05\/205.jpg","datePublished":"2024-05-27T17:16:44+00:00","dateModified":"2024-05-27T17:17:28+00:00","breadcrumb":{"@id":"https:\/\/servimedcolombia.com\/index.php\/producto\/electrocardiografo-mindray-beneheart-r12\/#breadcrumb"},"inLanguage":"es","potentialAction":[{"@type":"ReadAction","target":["https:\/\/servimedcolombia.com\/index.php\/producto\/electrocardiografo-mindray-beneheart-r12\/"]}]},{"@type":"ImageObject","inLanguage":"es","@id":"https:\/\/servimedcolombia.com\/index.php\/producto\/electrocardiografo-mindray-beneheart-r12\/#primaryimage","url":"https:\/\/servimedcolombia.com\/wp-content\/uploads\/2024\/05\/205.jpg","contentUrl":"https:\/\/servimedcolombia.com\/wp-content\/uploads\/2024\/05\/205.jpg","width":1654,"height":1654},{"@type":"BreadcrumbList","@id":"https:\/\/servimedcolombia.com\/index.php\/producto\/electrocardiografo-mindray-beneheart-r12\/#breadcrumb","itemListElement":[{"@type":"ListItem","position":1,"name":"Portada","item":"https:\/\/servimedcolombia.com\/"},{"@type":"ListItem","position":2,"name":"Tienda","item":"https:\/\/servimedcolombia.com\/index.php\/tienda\/"},{"@type":"ListItem","position":3,"name":"ELECTROCARDI\u00d3GRAFO MINDRAY BENEHEART R12"}]},{"@type":"WebSite","@id":"https:\/\/servimedcolombia.com\/#website","url":"https:\/\/servimedcolombia.com\/","name":"Servimed Colombia","description":"","potentialAction":[{"@type":"SearchAction","target":{"@type":"EntryPoint","urlTemplate":"https:\/\/servimedcolombia.com\/?s={search_term_string}"},"query-input":{"@type":"PropertyValueSpecification","valueRequired":true,"valueName":"search_term_string"}}],"inLanguage":"es"}]}},"_links":{"self":[{"href":"https:\/\/servimedcolombia.com\/index.php\/wp-json\/wp\/v2\/product\/11591","targetHints":{"allow":["GET"]}}],"collection":[{"href":"https:\/\/servimedcolombia.com\/index.php\/wp-json\/wp\/v2\/product"}],"about":[{"href":"https:\/\/servimedcolombia.com\/index.php\/wp-json\/wp\/v2\/types\/product"}],"version-history":[{"count":0,"href":"https:\/\/servimedcolombia.com\/index.php\/wp-json\/wp\/v2\/product\/11591\/revisions"}],"wp:featuredmedia":[{"embeddable":true,"href":"https:\/\/servimedcolombia.com\/index.php\/wp-json\/wp\/v2\/media\/11588"}],"wp:attachment":[{"href":"https:\/\/servimedcolombia.com\/index.php\/wp-json\/wp\/v2\/media?parent=11591"}],"wp:term":[{"taxonomy":"product_brand","embeddable":true,"href":"https:\/\/servimedcolombia.com\/index.php\/wp-json\/wp\/v2\/product_brand?post=11591"},{"taxonomy":"product_cat","embeddable":true,"href":"https:\/\/servimedcolombia.com\/index.php\/wp-json\/wp\/v2\/product_cat?post=11591"},{"taxonomy":"product_tag","embeddable":true,"href":"https:\/\/servimedcolombia.com\/index.php\/wp-json\/wp\/v2\/product_tag?post=11591"}],"curies":[{"name":"wp","href":"https:\/\/api.w.org\/{rel}","templated":true}]}}