{"id":11827,"date":"2024-09-24T15:06:11","date_gmt":"2024-09-24T20:06:11","guid":{"rendered":"https:\/\/servimedcolombia.com\/?post_type=product&#038;p=11827"},"modified":"2024-09-24T15:08:53","modified_gmt":"2024-09-24T20:08:53","slug":"tabla-de-medicion-seca-417","status":"publish","type":"product","link":"https:\/\/servimedcolombia.com\/index.php\/producto\/tabla-de-medicion-seca-417\/","title":{"rendered":"TABLA DE MEDICI\u00d3N SECA 417"},"content":{"rendered":"","protected":false},"excerpt":{"rendered":"<p>La tabla de medici\u00f3n seca 417 es un instrumento compacto y ligero, dise\u00f1ado para ser f\u00e1cil de transportar y usar. Su mecanismo de plegado y su peso reducido la hacen ideal para profesionales en movimiento. Incorpora un tope para los pies desmontable que se desliza firmemente sobre las gu\u00edas, asegurando mediciones precisas. La superficie lisa facilita la limpieza, mientras que los materiales de alta calidad garantizan una larga vida \u00fatil.<\/p>\n<h2>DATOS T\u00c9CNICOS<\/h2>\n<ul>\n<li><strong>Rango de medici\u00f3n<\/strong>:\n<ul>\n<li>10 &#8211; 100 cm<\/li>\n<li>4 &#8211; 39 in<\/li>\n<\/ul>\n<\/li>\n<li><strong>Divisi\u00f3n<\/strong>:\n<ul>\n<li>1 mm<\/li>\n<li>1\/16 in<\/li>\n<\/ul>\n<\/li>\n<li><strong>Dimensiones (AxAxP)<\/strong>: 1110 x 115 x 333 mm (43.7 x 4.5 x 13.1 in)<\/li>\n<li><strong>Peso neto<\/strong>: 1.6 kg (3.5 lbs)<\/li>\n<li><strong>Funciones<\/strong>:\n<ul>\n<li>Medici\u00f3n m\u00f3vil<\/li>\n<li>Indicaci\u00f3n de error de pesaje<\/li>\n<\/ul>\n<\/li>\n<li><strong>Certificaci\u00f3n<\/strong>: CE 0123<\/li>\n<\/ul>\n<p>La seca 417 es perfecta para profesionales de la salud y pediatras que requieren un dispositivo de medici\u00f3n port\u00e1til y fiable.<\/p>\n<p><span style=\"color: #ff0000;\"><strong>Todos nuestros activos est\u00e1n sujetos a disponibilidad seg\u00fan inventario.\u00a0<\/strong><\/span><\/p>\n<p><span style=\"vertical-align: inherit;\"><span style=\"vertical-align: inherit;\"><span style=\"vertical-align: inherit;\"><span style=\"vertical-align: inherit;\"><span style=\"vertical-align: inherit;\"><span style=\"vertical-align: inherit;\">[njwa_button id=\"9888\"]<\/span><\/span><\/span><\/span><\/span><\/span><\/p>\n","protected":false},"featured_media":11828,"template":"","meta":{"rs_blank_template":"","rs_page_bg_color":"","slide_template_v7":""},"product_brand":[],"product_cat":[190],"product_tag":[],"class_list":{"0":"post-11827","1":"product","2":"type-product","3":"status-publish","4":"has-post-thumbnail","6":"product_cat-unidad-de-pediatria","8":"first","9":"instock","10":"shipping-taxable","11":"product-type-simple"},"yoast_head":"<!-- This site is optimized with the Yoast SEO plugin v27.4 - https:\/\/yoast.com\/product\/yoast-seo-wordpress\/ -->\n<title>TABLA DE MEDICI\u00d3N SECA 417 - Servimed Colombia<\/title>\n<meta name=\"robots\" content=\"index, follow, max-snippet:-1, max-image-preview:large, max-video-preview:-1\" \/>\n<link rel=\"canonical\" href=\"https:\/\/servimedcolombia.com\/index.php\/producto\/tabla-de-medicion-seca-417\/\" \/>\n<meta property=\"og:locale\" content=\"es_ES\" \/>\n<meta property=\"og:type\" content=\"article\" \/>\n<meta property=\"og:title\" content=\"TABLA DE MEDICI\u00d3N SECA 417 - Servimed Colombia\" \/>\n<meta property=\"og:description\" content=\"La tabla de medici\u00f3n seca 417 es un instrumento compacto y ligero, dise\u00f1ado para ser f\u00e1cil de transportar y usar. Su mecanismo de plegado y su peso reducido la hacen ideal para profesionales en movimiento. Incorpora un tope para los pies desmontable que se desliza firmemente sobre las gu\u00edas, asegurando mediciones precisas. La superficie lisa facilita la limpieza, mientras que los materiales de alta calidad garantizan una larga vida \u00fatil. DATOS T\u00c9CNICOS   Rango de medici\u00f3n:   10 - 100 cm  4 - 39 in    Divisi\u00f3n:   1 mm  1\/16 in    Dimensiones (AxAxP): 1110 x 115 x 333 mm (43.7 x 4.5 x 13.1 in)  Peso neto: 1.6 kg (3.5 lbs)  Funciones:   Medici\u00f3n m\u00f3vil  Indicaci\u00f3n de error de pesaje    Certificaci\u00f3n: CE 0123  La seca 417 es perfecta para profesionales de la salud y pediatras que requieren un dispositivo de medici\u00f3n port\u00e1til y fiable.  Todos nuestros activos est\u00e1n sujetos a disponibilidad seg\u00fan inventario.\u00a0\" \/>\n<meta property=\"og:url\" content=\"https:\/\/servimedcolombia.com\/index.php\/producto\/tabla-de-medicion-seca-417\/\" \/>\n<meta property=\"og:site_name\" content=\"Servimed Colombia\" \/>\n<meta property=\"article:modified_time\" content=\"2024-09-24T20:08:53+00:00\" \/>\n<meta property=\"og:image\" content=\"https:\/\/servimedcolombia.com\/wp-content\/uploads\/2024\/09\/249.jpg\" \/>\n\t<meta property=\"og:image:width\" content=\"1654\" \/>\n\t<meta property=\"og:image:height\" content=\"1654\" \/>\n\t<meta property=\"og:image:type\" content=\"image\/jpeg\" \/>\n<meta name=\"twitter:card\" content=\"summary_large_image\" \/>\n<meta name=\"twitter:label1\" content=\"Tiempo de lectura\" \/>\n\t<meta name=\"twitter:data1\" content=\"1 minuto\" \/>\n<script type=\"application\/ld+json\" class=\"yoast-schema-graph\">{\"@context\":\"https:\\\/\\\/schema.org\",\"@graph\":[{\"@type\":\"WebPage\",\"@id\":\"https:\\\/\\\/servimedcolombia.com\\\/index.php\\\/producto\\\/tabla-de-medicion-seca-417\\\/\",\"url\":\"https:\\\/\\\/servimedcolombia.com\\\/index.php\\\/producto\\\/tabla-de-medicion-seca-417\\\/\",\"name\":\"TABLA DE MEDICI\u00d3N SECA 417 - Servimed Colombia\",\"isPartOf\":{\"@id\":\"https:\\\/\\\/servimedcolombia.com\\\/#website\"},\"primaryImageOfPage\":{\"@id\":\"https:\\\/\\\/servimedcolombia.com\\\/index.php\\\/producto\\\/tabla-de-medicion-seca-417\\\/#primaryimage\"},\"image\":{\"@id\":\"https:\\\/\\\/servimedcolombia.com\\\/index.php\\\/producto\\\/tabla-de-medicion-seca-417\\\/#primaryimage\"},\"thumbnailUrl\":\"https:\\\/\\\/servimedcolombia.com\\\/wp-content\\\/uploads\\\/2026\\\/04\\\/249.webp\",\"datePublished\":\"2024-09-24T20:06:11+00:00\",\"dateModified\":\"2024-09-24T20:08:53+00:00\",\"breadcrumb\":{\"@id\":\"https:\\\/\\\/servimedcolombia.com\\\/index.php\\\/producto\\\/tabla-de-medicion-seca-417\\\/#breadcrumb\"},\"inLanguage\":\"es\",\"potentialAction\":[{\"@type\":\"ReadAction\",\"target\":[\"https:\\\/\\\/servimedcolombia.com\\\/index.php\\\/producto\\\/tabla-de-medicion-seca-417\\\/\"]}]},{\"@type\":\"ImageObject\",\"inLanguage\":\"es\",\"@id\":\"https:\\\/\\\/servimedcolombia.com\\\/index.php\\\/producto\\\/tabla-de-medicion-seca-417\\\/#primaryimage\",\"url\":\"https:\\\/\\\/servimedcolombia.com\\\/wp-content\\\/uploads\\\/2026\\\/04\\\/249.webp\",\"contentUrl\":\"https:\\\/\\\/servimedcolombia.com\\\/wp-content\\\/uploads\\\/2026\\\/04\\\/249.webp\",\"width\":1654,\"height\":1654},{\"@type\":\"BreadcrumbList\",\"@id\":\"https:\\\/\\\/servimedcolombia.com\\\/index.php\\\/producto\\\/tabla-de-medicion-seca-417\\\/#breadcrumb\",\"itemListElement\":[{\"@type\":\"ListItem\",\"position\":1,\"name\":\"Portada\",\"item\":\"https:\\\/\\\/servimedcolombia.com\\\/\"},{\"@type\":\"ListItem\",\"position\":2,\"name\":\"Tienda\",\"item\":\"https:\\\/\\\/servimedcolombia.com\\\/index.php\\\/tienda\\\/\"},{\"@type\":\"ListItem\",\"position\":3,\"name\":\"TABLA DE MEDICI\u00d3N SECA 417\"}]},{\"@type\":\"WebSite\",\"@id\":\"https:\\\/\\\/servimedcolombia.com\\\/#website\",\"url\":\"https:\\\/\\\/servimedcolombia.com\\\/\",\"name\":\"Servimed Colombia\",\"description\":\"\",\"potentialAction\":[{\"@type\":\"SearchAction\",\"target\":{\"@type\":\"EntryPoint\",\"urlTemplate\":\"https:\\\/\\\/servimedcolombia.com\\\/?s={search_term_string}\"},\"query-input\":{\"@type\":\"PropertyValueSpecification\",\"valueRequired\":true,\"valueName\":\"search_term_string\"}}],\"inLanguage\":\"es\"}]}<\/script>\n<!-- \/ Yoast SEO plugin. -->","yoast_head_json":{"title":"TABLA DE MEDICI\u00d3N SECA 417 - Servimed Colombia","robots":{"index":"index","follow":"follow","max-snippet":"max-snippet:-1","max-image-preview":"max-image-preview:large","max-video-preview":"max-video-preview:-1"},"canonical":"https:\/\/servimedcolombia.com\/index.php\/producto\/tabla-de-medicion-seca-417\/","og_locale":"es_ES","og_type":"article","og_title":"TABLA DE MEDICI\u00d3N SECA 417 - Servimed Colombia","og_description":"La tabla de medici\u00f3n seca 417 es un instrumento compacto y ligero, dise\u00f1ado para ser f\u00e1cil de transportar y usar. Su mecanismo de plegado y su peso reducido la hacen ideal para profesionales en movimiento. Incorpora un tope para los pies desmontable que se desliza firmemente sobre las gu\u00edas, asegurando mediciones precisas. La superficie lisa facilita la limpieza, mientras que los materiales de alta calidad garantizan una larga vida \u00fatil. DATOS T\u00c9CNICOS   Rango de medici\u00f3n:   10 - 100 cm  4 - 39 in    Divisi\u00f3n:   1 mm  1\/16 in    Dimensiones (AxAxP): 1110 x 115 x 333 mm (43.7 x 4.5 x 13.1 in)  Peso neto: 1.6 kg (3.5 lbs)  Funciones:   Medici\u00f3n m\u00f3vil  Indicaci\u00f3n de error de pesaje    Certificaci\u00f3n: CE 0123  La seca 417 es perfecta para profesionales de la salud y pediatras que requieren un dispositivo de medici\u00f3n port\u00e1til y fiable.  Todos nuestros activos est\u00e1n sujetos a disponibilidad seg\u00fan inventario.\u00a0","og_url":"https:\/\/servimedcolombia.com\/index.php\/producto\/tabla-de-medicion-seca-417\/","og_site_name":"Servimed Colombia","article_modified_time":"2024-09-24T20:08:53+00:00","og_image":[{"width":1654,"height":1654,"url":"https:\/\/servimedcolombia.com\/wp-content\/uploads\/2024\/09\/249.jpg","type":"image\/jpeg"}],"twitter_card":"summary_large_image","twitter_misc":{"Tiempo de lectura":"1 minuto"},"schema":{"@context":"https:\/\/schema.org","@graph":[{"@type":"WebPage","@id":"https:\/\/servimedcolombia.com\/index.php\/producto\/tabla-de-medicion-seca-417\/","url":"https:\/\/servimedcolombia.com\/index.php\/producto\/tabla-de-medicion-seca-417\/","name":"TABLA DE MEDICI\u00d3N SECA 417 - Servimed Colombia","isPartOf":{"@id":"https:\/\/servimedcolombia.com\/#website"},"primaryImageOfPage":{"@id":"https:\/\/servimedcolombia.com\/index.php\/producto\/tabla-de-medicion-seca-417\/#primaryimage"},"image":{"@id":"https:\/\/servimedcolombia.com\/index.php\/producto\/tabla-de-medicion-seca-417\/#primaryimage"},"thumbnailUrl":"https:\/\/servimedcolombia.com\/wp-content\/uploads\/2026\/04\/249.webp","datePublished":"2024-09-24T20:06:11+00:00","dateModified":"2024-09-24T20:08:53+00:00","breadcrumb":{"@id":"https:\/\/servimedcolombia.com\/index.php\/producto\/tabla-de-medicion-seca-417\/#breadcrumb"},"inLanguage":"es","potentialAction":[{"@type":"ReadAction","target":["https:\/\/servimedcolombia.com\/index.php\/producto\/tabla-de-medicion-seca-417\/"]}]},{"@type":"ImageObject","inLanguage":"es","@id":"https:\/\/servimedcolombia.com\/index.php\/producto\/tabla-de-medicion-seca-417\/#primaryimage","url":"https:\/\/servimedcolombia.com\/wp-content\/uploads\/2026\/04\/249.webp","contentUrl":"https:\/\/servimedcolombia.com\/wp-content\/uploads\/2026\/04\/249.webp","width":1654,"height":1654},{"@type":"BreadcrumbList","@id":"https:\/\/servimedcolombia.com\/index.php\/producto\/tabla-de-medicion-seca-417\/#breadcrumb","itemListElement":[{"@type":"ListItem","position":1,"name":"Portada","item":"https:\/\/servimedcolombia.com\/"},{"@type":"ListItem","position":2,"name":"Tienda","item":"https:\/\/servimedcolombia.com\/index.php\/tienda\/"},{"@type":"ListItem","position":3,"name":"TABLA DE MEDICI\u00d3N SECA 417"}]},{"@type":"WebSite","@id":"https:\/\/servimedcolombia.com\/#website","url":"https:\/\/servimedcolombia.com\/","name":"Servimed Colombia","description":"","potentialAction":[{"@type":"SearchAction","target":{"@type":"EntryPoint","urlTemplate":"https:\/\/servimedcolombia.com\/?s={search_term_string}"},"query-input":{"@type":"PropertyValueSpecification","valueRequired":true,"valueName":"search_term_string"}}],"inLanguage":"es"}]}},"_links":{"self":[{"href":"https:\/\/servimedcolombia.com\/index.php\/wp-json\/wp\/v2\/product\/11827","targetHints":{"allow":["GET"]}}],"collection":[{"href":"https:\/\/servimedcolombia.com\/index.php\/wp-json\/wp\/v2\/product"}],"about":[{"href":"https:\/\/servimedcolombia.com\/index.php\/wp-json\/wp\/v2\/types\/product"}],"version-history":[{"count":0,"href":"https:\/\/servimedcolombia.com\/index.php\/wp-json\/wp\/v2\/product\/11827\/revisions"}],"wp:featuredmedia":[{"embeddable":true,"href":"https:\/\/servimedcolombia.com\/index.php\/wp-json\/wp\/v2\/media\/11828"}],"wp:attachment":[{"href":"https:\/\/servimedcolombia.com\/index.php\/wp-json\/wp\/v2\/media?parent=11827"}],"wp:term":[{"taxonomy":"product_brand","embeddable":true,"href":"https:\/\/servimedcolombia.com\/index.php\/wp-json\/wp\/v2\/product_brand?post=11827"},{"taxonomy":"product_cat","embeddable":true,"href":"https:\/\/servimedcolombia.com\/index.php\/wp-json\/wp\/v2\/product_cat?post=11827"},{"taxonomy":"product_tag","embeddable":true,"href":"https:\/\/servimedcolombia.com\/index.php\/wp-json\/wp\/v2\/product_tag?post=11827"}],"curies":[{"name":"wp","href":"https:\/\/api.w.org\/{rel}","templated":true}]}}